24.
152
What is the greatest common factor of 36526 and 42?
14
Calculate the highest common divisor of 23400 and 17445.
15
What is the greatest common divisor of 115 and 89470?
115
Calculate the greatest common divisor of 145 and 7627.
29
Calculate the highest common factor of 1886 and 492.
82
What is the greatest common factor of 52334 and 1370?
274
Calculate the greatest common divisor of 533 and 1790347.
533
What is the greatest common divisor of 5934 and 29971?
43
What is the highest common divisor of 48 and 5390916?
12
What is the highest common factor of 188 and 1397498?
94
What is the greatest common factor of 838 and 1679352?
838
Calculate the highest common divisor of 312 and 60476.
52
What is the highest common divisor of 8085 and 71295?
735
Calculate the greatest common divisor of 448 and 436432.
16
What is the highest common divisor of 1681616 and 32?
16
What is the highest common factor of 459 and 1908063?
459
Calculate the highest common divisor of 3015 and 645.
15
What is the highest common factor of 157274 and 4784?
598
What is the highest common factor of 4287 and 93?
3
What is the highest common divisor of 39222 and 1926?
18
What is the highest common factor of 340 and 4670?
10
What is the greatest common factor of 15 and 1224455?
5
What is the highest common factor of 845599 and 2?
1
What is the greatest common factor of 563816 and 298?
298
Calculate the highest common divisor of 2370 and 58302.
474
What is the greatest common factor of 22 and 98054?
22
Calculate the greatest common divisor of 3145120 and 704.
352
Calculate the greatest common factor of 81 and 419877.
27
Calculate the highest common divisor of 1040 and 3440.
80
What is the greatest common factor of 46492 and 11328?
236
Calculate the highest common factor of 450 and 36050.
50
Calculate the highest common factor of 6664 and 1519.
49
What is the greatest common factor of 339598 and 1528?
382
Calculate the highest common factor of 966679 and 2758.
1379
Calculate the highest common factor of 371253 and 4371.
141
Calculate the greatest common factor of 1075 and 377153.
43
What is the highest common factor of 9 and 422?
1
Calculate the highest common factor of 4362 and 1280974.
1454
Calculate the greatest common factor of 1302 and 39866.
62
What is the highest common divisor of 51937 and 501?
167
Calculate the greatest common factor of 38475 and 1615.
95
Calculate the greatest common divisor of 133 and 31103.
19
Calculate the greatest common factor of 22624 and 33824.
224
What is the highest common divisor of 4709623 and 389?
389
What is the highest common factor of 371 and 212?
53
What is the highest common factor of 1092 and 27?
3
Calculate the greatest common divisor of 511358 and 2.
2
What is the greatest common divisor of 861 and 6307?
7
What is the greatest common divisor of 107190 and 7543?
397
What is the greatest common factor of 42372 and 2088?
36
What is the greatest common factor of 126 and 54369?
63
Calculate the greatest common factor of 5495 and 6437.
157
What is the greatest common factor of 3995433 and 52?
13
Calculate the greatest common factor of 360 and 17310.
30
What is the greatest common factor of 4 and 421444?
4
Calculate the greatest common factor of 146 and 47231.
73
Calculate the greatest common divisor of 1205 and 97123.
241
Calculate the highest common factor of 1479 and 169677.
51
Calculate the highest common factor of 318692 and 44.
44
What is the greatest common divisor of 47 and 6721?
47
Calculate the greatest common factor of 76115 and 1.
1
What is the greatest common divisor of 33522 and 34428?
906
What is the greatest common divisor of 199468 and 1504?
188
Calculate the highest common factor of 4212260 and 340.
340
Calculate the greatest common factor of 421137 and 27.
9
Calculate the highest common factor of 49250 and 1250.
250
Calculate the highest common factor of 144429 and 558.
93
What is the highest common divisor of 73663 and 19?
19
What is the highest common divisor of 4884 and 33?
33
Calculate the highest common factor of 4043 and 247.
13
What is the greatest common divisor of 3526725 and 1062?
177
What is the highest common divisor of 4613 and 441?
7
What is the greatest common factor of 1108020 and 120?
60
Calculate the highest common factor of 21086 and 52.
26
What is the highest common divisor of 7340 and 2260?
20
What is the greatest common factor of 53142 and 102?
102
Calculate the highest common divisor of 623 and 1393.
7
What is the greatest common factor of 1235 and 5529?
19
Calculate the highest common divisor of 19046 and 49306.
178
What is the highest common divisor of 14750 and 670?
10
What is the highest common divisor of 1627084 and 2168?
1084
What is the highest common factor of 11340 and 502200?
1620
Calculate the greatest common factor of 6461 and 2485.
497
What is the highest common divisor of 1950 and 5325?
75
Calculate the greatest common divisor of 1660 and 125.
5
What is the greatest common factor of 35 and 64211?
7
Calculate the greatest common divisor of 408 and 92616.
408
Calculate the highest common factor of 51544 and 884.
68
Calculate the highest common divisor of 21462 and 966.
42
Calculate the greatest common factor of 362064 and 1311.
57
What is the highest common divisor of 1582 and 1568?
14
What is the greatest common divisor of 71108 and 696?
116
What is the greatest common divisor of 39960 and 13875?
555
What is the greatest common factor of 82 and 290?
2
What is the highest common factor of 16200 and 680?
40
Calculate the greatest common divisor of 1170 and 8034.
78
What is the highest common factor of 33358 and 3250?
26
What is the highest common factor of 30535 and 5363?
31
What is the highest common divisor of 164 and 204836?
164
What is the greatest common divisor of 4230 and 306?
18
What is the highest common factor of 64844 and 348?
116
Calculate the highest common factor of 292 and 726204.
292
Calculate the highest common divisor of 3 and 1834647.
3
What is the greatest common factor of 7328 and 201749?
229
Calculate the greatest common divisor of 14 and 105826.
14
Calculate the highest common factor of 37884 and 56.
28
Calculate the greatest common divisor of 39 and 1445340.
39
Calculate the greatest common divisor of 119268 and 1314.
18
What is the greatest common factor of 289275 and 15?
15
What is the greatest common divisor of 1010 and 25856?
202
Calculate the greatest common factor of 113274 and 105028.
434
What is the greatest common factor of 14824 and 28696?
136
What is the highest common factor of 160 and 710?
10
Calculate the greatest common factor of 2540 and 860.
20
Calculate the highest common divisor of 14 and 3752924.
14
What is the greatest common divisor of 1152 and 558?
18
Calculate the highest common factor of 283200 and 354.
354
Calculate the greatest common divisor of 336 and 158676.
84
What is the highest common factor of 29156 and 69541?
197
Calculate the highest common divisor of 856530 and 4.
2
What is the highest common factor of 426 and 35500?
142
What is the greatest common divisor of 810356 and 102?
34
Calculate the highest common factor of 1824 and 104928.
96
Calculate the highest common factor of 334 and 1526881.
167
What is the highest common factor of 6 and 3037356?
6
Calculate the greatest common divisor of 700804 and 208.
52
Calculate the highest common divisor of 270 and 73820.
10
Calculate the greatest common factor of 900 and 91.
1
What is the greatest common factor of 680420 and 182?
26
What is the greatest common factor of 90009 and 11919?
411
What is the highest common divisor of 7 and 35063?
7
What is the highest common factor of 12381 and 9?
3
What is the greatest common factor of 5274 and 738?
18
What is the highest common factor of 109135 and 511?
73
What is the highest common factor of 87615 and 675?
135
What is the greatest common divisor of 93278 and 4?
2
Calculate the greatest common factor of 264 and 1843424.
88
What is the highest common divisor of 596502 and 6696?
558
What is the highest common factor of 113386 and 3115?
623
What is the greatest common divisor of 572 and 287716?
572
What is the greatest common factor of 18294 and 18?
6
What is the highest common factor of 255 and 152949?
51
What is the highest common fac